7, what is -243664101 + -13?
-243664114
In base 14, what is -6d1d4b + -11?
-6d1d5c
In base 15, what is 6 + -805a3?
-8059c
In base 10, what is 254454 - -92?
254546
In base 6, what is -20012 + -5302?
-25314
In base 6, what is 2 + 11330334205?
11330334211
In base 14, what is -386006 - 35?
-38603b
In base 16, what is -c + -79f5?
-7a01
In base 7, what is -606153 - -203?
-605650
In base 3, what is -1011 - 1101000010111?
-1101000011122
In base 5, what is -2433313444 + 4?
-2433313440
In base 14, what is -12b + 2607da?
2606ad
In base 14, what is -2 + -4a473?
-4a475
In base 12, what is -5 + -b61b65?
-b61b6a
In base 11, what is 2889406 - -8?
2889413
In base 15, what is 3 - 5b5b53?
-5b5b50
In base 13, what is -16392ab + -3?
-16392b1
In base 7, what is 5000265 + -4356?
4662606
In base 13, what is -59a - 27533?
-27b00
In base 7, what is 5425341 - 215?
5425123
In base 10, what is 45710 + -432?
45278
In base 16, what is -892718 + 0?
-892718
In base 14, what is -2c844c - 159?
-2c85a7
In base 3, what is 12 + 11000212201202?
11000212201221
In base 3, what is 120 + 22011201021220110?
22011201021221000
In base 14, what is -5 + 476cc11?
476cc0a
In base 16, what is 25f7c - -1e8?
26164
In base 10, what is -63 + -4547?
-4610
In base 14, what is 4a7 + -10b7ca?
-10b323
In base 7, what is 3 - -144443615?
144443621
In base 7, what is 13343055 - 526?
13342226
In base 15, what is -29e60 + 1d?
-29e42
In base 14, what is -77 - -77a2?
7729
In base 4, what is -2122 + 33023332?
33021210
In base 3, what is -1122202 + -202011221?
-210211200
In base 15, what is -3c6a + -b10?
-487a
In base 3, what is 2112 + 2021221022?
2022000211
In base 4, what is -2 + 1030302221210?
1030302221202
In base 13, what is 0 - 2576c1b?
-2576c1b
In base 15, what is 159a552 - 0?
159a552
In base 16, what is -11 - -557b?
556a
In base 14, what is 2bc8a0aa - 1?
2bc8a0a9
In base 13, what is 1057b4ca - -1?
1057b4cb
In base 8, what is -243623 + -26?
-243651
In base 2, what is -100011101111 - 11001010111100?
-11101110101011
In base 15, what is 61b8 - -101ea?
163b3
In base 14, what is 721 + 932a?
9a4b
In base 10, what is -25272908 - 26?
-25272934
In base 3, what is -12 + -22200100201222?
-22200100202011
In base 4, what is 13110 + 3310?
23020
In base 10, what is -506769 - -1660?
-505109
In base 7, what is -163025414 + 136?
-163025245
In base 15, what is -c2cb9b + 2?
-c2cb99
In base 15, what is 4ce - -1581?
1a60
In base 10, what is -1394806 + -96?
-1394902
In base 2, what is -1011111 + 100000110001100110111?
100000110001011011000
In base 7, what is 111532610 + -5?
111532602
In base 6, what is -114023322 + -3?
-114023325
In base 12, what is 30491b69 + 8?
30491b75
In base 10, what is 38 + -938794?
-938756
In base 7, what is 266 + 262523?
263122
In base 6, what is -2 - 22241230455?
-22241230501
In base 11, what is -11548a - -187?
-115303
In base 11, what is 220748 - -1047?
221794
In base 9, what is 2 - -12285032?
12285034
In base 5, what is 10 + 101003430221?
101003430231
In base 13, what is -2ba2 - 7750?
-a622
In base 8, what is 34456 + -372?
34064
In base 13, what is -12a - 300511?
-30063b
In base 4, what is 13321322 + -22231?
13233031
In base 14, what is 37d80 - b?
37d73
In base 4, what is -11110 - -3201003?
3123233
In base 14, what is -bb61 + -b?
-bb6c
In base 13, what is 1b344c + 2?
1b3451
In base 11, what is -1 + 42910a9?
42910a8
In base 16, what is -e - 5c6b8?
-5c6c6
In base 3, what is 100 - 1220212212220012?
-1220212212212212
In base 11, what is 1159 - 11095?
-aa37
In base 16, what is 16323 - -a0?
163c3
In base 6, what is -11 + 2415225123?
2415225112
In base 8, what is 10 - 203247102?
-203247072
In base 15, what is 6 - -515d42a?
515d431
In base 15, what is 0 + 166e6e92?
166e6e92
In base 4, what is -111022212 + 2011?
-111020201
In base 9, what is -206382571 - 5?
-206382576
In base 7, what is 234 - 112564?
-112330
In base 4, what is 131331 - -22230322?
23022313
In base 8, what is 100 - 45047715?
-45047615
In base 13, what is 8c1c06 - -22?
8c1c28
In base 5, what is -10004312 + 12434?
-4441323
In base 12, what is 122931 - -95?
122a06
In base 15, what is -43 + -1ce1?
-1d34
In base 15, what is 1296a7 + -12c?
12957a
In base 6, what is 31035 + 155043?
230122
In base 10, what is -442785696 - -2?
-442785694
In base 12, what is 2874a + 123?
28871
In base 12, what is 5 + 22958682?
22958687
In base 9, what is 67 - 165478?
-165411
In base 10, what is 2535584 + -4?
2535580
In base 10, what is -1 - -2927151?
2927150
In base 16, what is -307d - -cde?
-239f
In base 14, what is 6925 - 150d?
5416
In base 14, what is 3c82 - 683?
35dd
In base 4, what is 303 - 130002033321?
-130002033012
In base 3, what is -11210 + -20010111120?
-20010200100
In base 7, what is -5223 - -211540?
203314
In base 2, what is -101001101001110110111010 - -100000?
-101001101001110110011010
In base 14, what is -bdd0 + 4d?
-bd81
In base 2, what is 10011 - 10010010100111101000010?
-10010010100111100101111
In base 11, what is 2 - a68859?
-a68857
In base 9, what is 10838402 + 2?
10838404
In base 6, what is -55540 + -14151?
-114131
In base 14, what is 1942 - 3290?
-174c
In base 9, what is 10306008 - -45?
10306054
In base 8, what is 10 - -1051400?
1051410
In base 15, what is -867350e - -1?
-867350d
In base 16, what is -26f + -60a?
-879
In base 6, what is 403 - 3444312?
-3443505
In base 2, what is -100100 - 100001000101001101?
-100001000101110001
In base 2, what is -10000 - 1101111001100011101100?
-1101111001100011111100
In base 8, what is -1374713 + 26?
-1374665
In base 8, what is -43 + -506650?
-506713
In base 4, what is -2 - -32012032300?
32012032232
In base 5, what is 212133444204 - -4?
212133444213
In base 15, what is -494 + -49b1?
-4e55
In base 10, what is -6 + 15451550?
15451544
In base 13, what is 1bb55 + 5a0?
1c425
In base 15, what is 5 - -250938d?
2509393
In base 6, what is -105134 - 115552?
-225130
In base 10, what is 63902858 + 0?
63902858
In base 2, what is 11 - 10010101111101111001001110?
-10010101111101111001001011
In base 16, what is -cd97d + -3?
-cd980
In base 12, what is 209 + -a986?
-a779
In base 9, what is 4 + -21553003?
-21552888
In base 4, what is -213303301 - -21?
-213303220
In base 9, what is 1366405 - -5?
1366411
In base 8, what is 5 + -33057442?
-33057435
In base 2, what is -101110101100000010000 - 11000000?
-101110101100011010000
In base 6, what is 24103402020 - -4?
24103402024
In base 9, what is -5 - 343065316?
-343065322
In base 2, what is 0 + -11010000100100010011011000?
-11010000100100010011011000
In base 15, what is -a8ae - -ad?
-a801
In base 5, what is 0 - 101122041?
-101122041
In base 5, what is 1202 + -24410422?
-24404220
In base 14, what is -2d + acb4b?
acb1c
In base 5, what is 41230103 + 10?
41230113
In base 10, what is 0 + 47877262?
47877262
In base 9, what is 101 - 248427?
-248326
In base 12, what is -b1 - -9797?
96a6
In base 10, what is 995 + 6883?
7878
In base 10, what is -30084 + 13?
-30071
In base 14, what is 4420 - 7869?
-3449
In base 11, what is -1478655 + 209?
-1478447
In base 15, what is 47ab + 2309?
6ab5
In base 12, what is 32453 - -446?
32899
In base 7, what is -3 - -26345621?
26345615
In base 3, what is -11 + -112220001000200?
-112220001000211
In base 12, what is 8b91579 + -7?
8b91572
In base 5, what is 0 - -42143112342?
42143112342
In base 10, what is 654 - -193?
847
In base 10, what is 0 + -50059877?
-50059877
In base 10, what is 337 + 188140?
188477
In base 16, what is -1 - 17ea63?
-17ea64
In base 12, what is -56 + -111a3?
-11239
In base 3, what is 1121 + -10100121211?
-10100120020
In base 5, what is 3133240 - -323?
3134113
In base 16, what is 400 - a5009?
-a4c09
In base 9, what is 314 + -254543?
-254228
In base 6, what is -1303 + 211130325?
211125022
In base 6, what is 11035414 + 104?
11035522
In base 16, what is 64ce + -d88?
5746
In base 2, what is -1000111101 + 110101011110011101001?
110101011101010101100
In base 5, what is 32201302313313 - -2?
32201302313320
In base 11, what is -28 - 238288?
-238305
In base 4, what is 1003012010 - -3223?
1003021233
In base 8, what is 2001205 - 25?
2001160
In base 11, what is a5 - -289122a?
2891324
In base 5, what is 0 + 3402014344?
3402014344
In base 8, what is -12057 + -14137?
-26216
In base 9, what is 5753522 - -112?
5753634
In base 5, what is -1 + 14020224200?
1402022414